 5
-13214
What is -579 (base 10) in base 9?
-713
-6744 (base 10) to base 9
-10223
-1742 (base 9) to base 5
-20314
Convert 11101100110011 (base 2) to base 6.
154055
What is db3 (base 14) in base 15?
c05
What is -1230 (base 12) in base 16?
-804
Convert -1432 (base 7) to base 10.
-562
What is -151 (base 8) in base 12?
-89
Convert -86a (base 11) to base 14.
-548
Convert -48968 (base 10) to base 2.
-1011111101001000
b7b (base 12) to base 14
87d
Convert 11021211 (base 3) to base 16.
c37
Convert -32250 (base 6) to base 2.
-1000101000110
What is -2689 (base 15) in base 11?
-6201
-1737 (base 11) to base 6
-14134
28041 (base 9) to base 12
aba7
What is 7276 (base 8) in base 6?
25250
Convert 2356 (base 7) to base 15.
3d4
1011222 (base 4) to base 15
14c3
1010101100 (base 2) to base 6
3100
Convert -3033130 (base 4) to base 15.
-3e01
What is -10010001011001 (base 2) in base 12?
-5475
Convert -448 (base 12) to base 2.
-1001111000
What is 56 (base 10) in base 16?
38
What is -581 (base 9) in base 14?
-262
What is 3515 (base 11) in base 8?
11006
Convert 1354 (base 12) to base 3.
10001101
187 (base 10) to base 2
10111011
What is -1005 (base 7) in base 15?
-183
Convert -5912 (base 15) to base 13.
-87c2
-102032 (base 4) to base 9
-1535
-1132213 (base 4) to base 11
-4605
Convert 101010101100 (base 2) to base 10.
2732
Convert -56152 (base 11) to base 4.
-103313121
What is 2322 (base 4) in base 3?
20220
What is -6468 (base 10) in base 5?
-201333
2454 (base 13) to base 14
1c31
Convert 197 (base 15) to base 7.
1033
What is 26083 (base 9) in base 5?
1030241
Convert -6838 (base 11) to base 13.
-412c
-11100001001010 (base 2) to base 9
-21681
-8a9 (base 16) to base 8
-4251
-1020 (base 7) to base 14
-1b7
11001000 (base 2) to base 11
172
What is ac (base 13) in base 4?
2032
Convert -28045 (base 10) to base 16.
-6d8d
What is -b93 (base 12) in base 9?
-2283
-232021 (base 4) to base 7
-11416
What is 201011 (base 4) in base 15?
962
Convert -1733 (base 10) to base 6.
-12005
Convert 710 (base 16) to base 14.
932
100001101100 (base 2) to base 4
201230
2407 (base 15) to base 2
1110111101001
-177 (base 10) to base 11
-151
246 (base 11) to base 16
124
Convert 15506 (base 7) to base 3.
12222202
Convert -b7c (base 14) to base 12.
-138a
Convert -32c (base 13) to base 6.
-2305
20000 (base 4) to base 13
305
What is 97 (base 16) in base 8?
227
11202102 (base 3) to base 10
3467
What is 72186 (base 9) in base 8?
134670
-21b (base 15) to base 6
-2112
-2a72 (base 12) to base 14
-1b5c
-687 (base 10) to base 13
-40b
What is 21121221 (base 3) in base 11?
41a5
1063 (base 10) to base 15
4ad
What is 40256 (base 8) in base 11?
11493
Convert 7105 (base 9) to base 14.
1c69
Convert -25233 (base 7) to base 5.
-203024
-1340 (base 9) to base 13
-5c7
Convert -382 (base 10) to base 6.
-1434
-4430 (base 9) to base 11
-2500
-12b94 (base 13) to base 16
-8877
80 (base 14) to base 7
220
-3242 (base 9) to base 11
-1880
Convert -223003 (base 6) to base 15.
-5880
What is 1191 (base 12) in base 7?
5530
Convert -1772 (base 8) to base 4.
-33322
What is 3412224 (base 5) in base 2?
1110101110011010
-412 (base 9) to base 11
-285
What is 68b (base 12) in base 13?
599
35252 (base 6) to base 10
5072
544 (base 8) to base 11
2a4
Convert -52 (base 12) to base 11.
-57
Convert 300300 (base 4) to base 14.
11cc
1001101 (base 2) to base 4
1031
Convert -2ac (base 15) to base 11.
-507
What is 64a4 (base 14) in base 8?
41760
10304 (base 7) to base 6
15452
Convert 140 (base 11) to base 14.
bb
-44d (base 14) to base 3
-1011121
What is 4403 (base 5) in base 2?
1001011011
What is 1953 (base 13) in base 10?
3786
Convert 1311 (base 4) to base 15.
7c
Convert 30230112 (base 4) to base 10.
51990
-96 (base 14) to base 2
-10000100
10909 (base 12) to base 6
250013
31 (base 9) to base 3
1001
-12553 (base 9) to base 14
-3132
What is -165a (base 16) in base 14?
-212a
Convert 2100110 (base 4) to base 12.
5418
What is -9192 (base 13) in base 5?
-1120221
32212 (base 6) to base 4
1010300
-56a2 (base 11) to base 9
-11245
Convert 2033 (base 5) to base 13.
178
What is d6 (base 16) in base 13?
136
-1111011100 (base 2) to base 14
-508
7f76 (base 16) to base 14
bc6a
What is 10011001000 (base 2) in base 7?
3366
Convert -233331 (base 5) to base 2.
-10000110001111
What is -20111012 (base 3) in base 8?
-11172
What is -10111 (base 4) in base 6?
-1141
-2200 (base 11) to base 9
-3876
What is 3333 (base 4) in base 9?
313
What is 1020202102 (base 3) in base 11?
17541
What is 318 (base 14) in base 9?
747
-13235 (base 6) to base 13
-c0b
What is 1a27 (base 11) in base 16?
a0a
Convert a79 (base 13) to base 9.
2408
Convert 32143 (base 7) to base 14.
2c93
What is 5024 (base 6) in base 2?
10001001000
What is -223e (base 15) in base 11?
-54aa
5063 (base 8) to base 5
40421
Convert -d823 (base 14) to base 10.
-37271
Convert -1010011001100 (base 2) to base 10.
-5324
Convert 3203011 (base 5) to base 2.
1101000100000010
What is -e99d (base 16) in base 4?
-32212131
What is 1527 (base 8) in base 10?
855
What is 2748 (base 10) in base 8?
5274
Convert -220 (base 13) to base 8.
-554
1010001 (base 2) to base 5
311
Convert -242 (base 6) to base 14.
-70
What is -11701 (base 8) in base 7?
-20513
What is -3433 (base 5) in base 16?
-1ed
What is -619 (base 10) in base 9?
-757
Convert -10244 (base 6) to base 14.
-71a
What is 372 (base 8) in base 6?
1054
What is 602 (base 11) in base 12?
508
What is 1200 (base 8) in base 3?
212201
What is -2999 (base 16) in base 7?
-43022
What is 122111022 (base 3) in base 4?
3013100
What is 12041 (base 5) in base 9?
1205
What is -f83b (base 16) in base 8?
-174073
Convert 2119 (base 13) to base 16.
11e9
-6ba2 (base 12) to base 11
-9087
What is 3300 (base 4) in base 12?
180
What is -12022321 (base 4) in base 16?
-62b9
What is -126230 (base 7) in base 12?
-11922
-836 (base 11) to base 13
-5c6
What is 10020 (base 3) in base 13?
69
What is 2053 (base 16) in base 5?
231100
-1112202 (base 3) to base 4
-101213
Convert 2243 (base 8) to base 11.
98a
Convert 20 (base 14) to base 3.
1001
-40d (base 16) to base 9
-1372
Convert -798 (base 16) to base 7.
-5445
Convert 2b9 (base 15) to base 14.
328
-601 (base 9) to base 2
-111100111
Convert 10010001011101 (base 2) to base 13.
4311
Convert 100001 (base 4) to base 7.
2663
What is 46254 (base 10) in base 6?
554050
Convert 1305 (base 13) to base 16.
a95
-5119 (base 11) to base 15
-2031
What is -64a (base 11) in base 16?
-30c
What is -3aa (base 15) in base 4?
-31003
What is -3769 (base 11) in base 16?
-1333
What is 302 (base 8) in base 2?
11000010
130131 (base 4) to base 11
1406
Convert -10001 (base 3) to base 6.
-214
What is -32223232 (base 4) in base 6?
-1142234
-4132 (base 5) to base 4
-20132
Convert -1010212 (base 3) to base 9.
-1125
-386 (base 12) to base 16
-216
211102 (base 3) to base 16
25d
-1098 (base 16) to base 13
-1c1a
10041 (base 5) to base 15
2d1
What is -41455 (base 7) in base 14?
-39d5
What is -5313 (base 6) in base 11?
-999
a3a0 (base 13) to base 9
34008
Convert 24043 (base 5) to base 9.
2380
What is -404a (base 12) in base 4?
-1230322
What is -2334 (base 7) in base 5?
-11413
-1825 (base 9) to base 3
-1220212
-1492 (base 14) to base 16
-e48
What is 212212011 (base 3) in base 9?
25764
What is -4c12 (base 13) in base 7?
-43402
102111 (base 3) to base 9
374
Convert -19cd (base 14) to base 13.
-2199
What is -1685 (base 13) in base 8?
-6370
What is -560 (base 7) in base 8?
-437
Convert 22347 (base 8) to base 13.
43b9
What is 20 (base 7) in base 4?
32
What is -737 (base 9) in base 2?
-1001011001
Convert 9a17 (base 12) to base 6.
210431
Convert 34350 (base 9) to base 7.
123504
-25707 (base 12) to base 7
-302026
Convert -1010011111 (base 2) to base 6.
-3035
What is -3307 (base 12) in base 16?
-15f7
What is -1110 (base 10) in base 11?
-91a
Convert -114 (base 13) to base 14.
-d4
Convert 380 (base 13) to base 10.
611
-232 (base 8) to base 5
-1104
Convert 281 (base 15) to base 16.
23b
Convert 22242 (base 5) to base 10.
1572
What is -12201012 (base 3) in base 7?
-15065
Convert -7319 (base 10) to base 14.
-294b
What is 626 (base 14) in base 13?
721
Convert -101100100111000 (base 2) to base 10.
-22840
What is -676 (base 15) in base 13?
-885
What is -100001000 (base 2) in base 11?
-220
-376 (base 12) to base 9
-640
What is 1296